{"id":38236,"date":"2022-12-24T17:21:29","date_gmt":"2022-12-24T16:21:29","guid":{"rendered":"https:\/\/deltaimage.de\/wp\/?post_type=jetpack-portfolio&#038;p=38236"},"modified":"2022-12-31T13:59:29","modified_gmt":"2022-12-31T12:59:29","slug":"begleitbuch-zum-elearning-kurs-grundlagen-der-fotografie","status":"publish","type":"jetpack-portfolio","link":"https:\/\/deltaimage.de\/wp\/?portfolio=begleitbuch-zum-elearning-kurs-grundlagen-der-fotografie","title":{"rendered":"Begleitbuch zum eLearning-Kurs &#8222;Grundlagen der Fotografie&#8220;"},"content":{"rendered":"<p>&nbsp;<\/p>\n<p>Die Nachfrage nach Fotokursen ist unver\u00e4ndert hoch &#8211; nur inzwischen nach vielen neuen Kurs-Formaten. DELTA IMAGE folgt diesen Bed\u00fcrfnissen und bietet die bisherigen Pr\u00e4senz-Kurse nun als eLearning f\u00fcr eine neue, moderne, digitale Art des Lernens an.<\/p>\n<p>Als Begleitmaterial, f\u00fcr den eLearning Kurs, oder auch das ganz klassische Selbststudium, sind gedruckte B\u00fccher immer noch sehr beliebt.<\/p>\n<p>&nbsp;<\/p>\n<h2>Raus aus der Gr\u00fcnen Vollautomatik<\/h2>\n<p>Wir lernen f\u00fcr die Zielgruppe der Ein- und Aufsteigerinnen, die ersten Schritte um die Grundlagen der Fotografie verstehen und verinnerlichen zu k\u00f6nnen. Mit dem grundlegenden Verst\u00e4ndnis der Technik und der Zusammenh\u00e4nge f\u00fcr<\/p>\n<ul>\n<li>die augenrichtige Belichtung<\/li>\n<li>die fotografische Blende<\/li>\n<li>die fotografische Verschlusszeit<\/li>\n<li>die Lichtempfindlichkeit<\/li>\n<\/ul>\n<p>sind die Lernenden schon viel auf dem Weg zur FotografIn gegangen.<\/p>\n<p>Begleitet werden diese fotografisch &#8211; handwerklichen Themen durch Er\u00f6rterungen der Fragestellungen<\/p>\n<ul>\n<li>Was ist digitale Fotografie heute?<\/li>\n<li>Was macht ein gutes Bild?<\/li>\n<li>Wie belichtet man richtig?<\/li>\n<\/ul>\n<p>&nbsp;<\/p>\n<h2>Zum Buch<\/h2>\n<ul>\n<li>Softcover<\/li>\n<li>220 Seiten<\/li>\n<li>241 Bilder, Abbildungen und Diagramme<\/li>\n<li>s\/w Druck<\/li>\n<li>Format 21 x 15 cm (DIN A5)<\/li>\n<li>vom Autor des eLearning-Kurses Paul Eschbach<\/li>\n<li>zur Begleitung des eLearning Kurses oder zum Selbststudium<\/li>\n<\/ul>\n","protected":false},"excerpt":{"rendered":"<p>&nbsp; Die Nachfrage nach Fotokursen ist unver\u00e4ndert hoch &#8211; nur inzwischen nach vielen neuen Kurs-Formaten. DELTA IMAGE folgt diesen Bed\u00fcrfnissen und bietet die bisherigen Pr\u00e4senz-Kurse nun als eLearning f\u00fcr eine [&hellip;]<\/p>\n","protected":false},"author":1,"featured_media":38237,"comment_status":"closed","ping_status":"closed","template":"","format":"standard","meta":{"wpupg_custom_link":[],"wpupg_custom_link_behaviour":[],"wpupg_custom_link_nofollow":[],"wpupg_custom_image":[],"wpupg_custom_image_id":[],"jetpack_post_was_ever_published":false,"footnotes":""},"jetpack-portfolio-type":[1271],"jetpack-portfolio-tag":[3395,3394,1297,1479],"class_list":["post-38236","jetpack-portfolio","type-jetpack-portfolio","status-publish","format-standard","has-post-thumbnail","hentry","jetpack-portfolio-type-buch","jetpack-portfolio-tag-begleitbuch","jetpack-portfolio-tag-elearning","jetpack-portfolio-tag-fotografie","jetpack-portfolio-tag-grundlagen"],"jetpack-related-posts":[{"id":36711,"url":"https:\/\/deltaimage.de\/wp\/?portfolio=grundlagen-der-digitalfotografie","url_meta":{"origin":38236,"position":0},"title":"Grundlagen der Fotografie &#8211; eLearning Kurs","author":"EschbacP","date":"15. September 2022","format":false,"excerpt":"Fotokurs \u201eGrundlagen der Fotografie\u201c Die Grundlagen der Fotografie f\u00e4ngt ganz vorne an und ist ganz speziell f\u00fcr alle\u00a0EinsteigerInnen\u00a0und\u00a0AufsteigerInnen\u00a0von der Fotografie auf Knopfdruck gestaltet. Sie k\u00f6nnen Ihre digitale Kamera einschalten und Bilder anzeigen. Wunderbar - mehr m\u00fcssen Sie auch nicht wissen. Die Bedienungsanleitung Ihrer digitalen Kamera ist f\u00fcr Sie keine Hilfe,\u2026","rel":"","context":"\u00c4hnlicher Beitrag","block_context":{"text":"\u00c4hnlicher Beitrag","link":""},"img":{"alt_text":"","src":"https:\/\/i0.wp.com\/deltaimage.de\/wp\/wp-content\/uploads\/Banner_Grundlage_1200.jpg?fit=1200%2C493&ssl=1&resize=350%2C200","width":350,"height":200,"srcset":"https:\/\/i0.wp.com\/deltaimage.de\/wp\/wp-content\/uploads\/Banner_Grundlage_1200.jpg?fit=1200%2C493&ssl=1&resize=350%2C200 1x, https:\/\/i0.wp.com\/deltaimage.de\/wp\/wp-content\/uploads\/Banner_Grundlage_1200.jpg?fit=1200%2C493&ssl=1&resize=525%2C300 1.5x, https:\/\/i0.wp.com\/deltaimage.de\/wp\/wp-content\/uploads\/Banner_Grundlage_1200.jpg?fit=1200%2C493&ssl=1&resize=700%2C400 2x, https:\/\/i0.wp.com\/deltaimage.de\/wp\/wp-content\/uploads\/Banner_Grundlage_1200.jpg?fit=1200%2C493&ssl=1&resize=1050%2C600 3x"},"classes":[]},{"id":38393,"url":"https:\/\/deltaimage.de\/wp\/?portfolio=grundlagen-der-fotografie-praesenz-kurs","url_meta":{"origin":38236,"position":1},"title":"Grundlagen der Fotografie &#8211; Pr\u00e4senz-Kurs","author":"EschbacP","date":"31. Dezember 2022","format":false,"excerpt":"Fotokurs \u201eGrundlagen der Fotografie\u201c Die Grundlagen der Fotografie f\u00e4ngt ganz vorne an und ist ganz speziell f\u00fcr alle\u00a0EinsteigerInnen\u00a0und\u00a0AufsteigerInnen\u00a0von der Fotografie auf Knopfdruck gestaltet. Sie k\u00f6nnen Ihre digitale Kamera einschalten und Bilder anzeigen. Wunderbar - mehr m\u00fcssen Sie auch nicht wissen. Die Bedienungsanleitung Ihrer digitalen Kamera ist f\u00fcr Sie keine Hilfe,\u2026","rel":"","context":"\u00c4hnlicher Beitrag","block_context":{"text":"\u00c4hnlicher Beitrag","link":""},"img":{"alt_text":"","src":"https:\/\/i0.wp.com\/deltaimage.de\/wp\/wp-content\/uploads\/Banner_Grundlage_1200.jpg?fit=1200%2C493&ssl=1&resize=350%2C200","width":350,"height":200,"srcset":"https:\/\/i0.wp.com\/deltaimage.de\/wp\/wp-content\/uploads\/Banner_Grundlage_1200.jpg?fit=1200%2C493&ssl=1&resize=350%2C200 1x, https:\/\/i0.wp.com\/deltaimage.de\/wp\/wp-content\/uploads\/Banner_Grundlage_1200.jpg?fit=1200%2C493&ssl=1&resize=525%2C300 1.5x, https:\/\/i0.wp.com\/deltaimage.de\/wp\/wp-content\/uploads\/Banner_Grundlage_1200.jpg?fit=1200%2C493&ssl=1&resize=700%2C400 2x, https:\/\/i0.wp.com\/deltaimage.de\/wp\/wp-content\/uploads\/Banner_Grundlage_1200.jpg?fit=1200%2C493&ssl=1&resize=1050%2C600 3x"},"classes":[]},{"id":24034,"url":"https:\/\/deltaimage.de\/wp\/?portfolio=bildgestaltung","url_meta":{"origin":38236,"position":2},"title":"Fotografische Gestaltung und Bildaufbau","author":"EschbacP","date":"11. Januar 2020","format":false,"excerpt":"Technik ist wichtig, aber nicht alles. Die F\u00e4higkeiten des Fotografen sind noch viel wichtiger als Pixel und Bildfrequenz.\u00a0Die Fotografie wird bei aller Technik immer noch durch den Fotografen gemacht, indem zum richtigen Zeitpunkt am richtigen Ort der passende Ausschnitt gew\u00e4hlt wird.\u00a0Was macht ein sch\u00f6nes Foto aus? Es gibt eine Vielzahl\u2026","rel":"","context":"\u00c4hnlicher Beitrag","block_context":{"text":"\u00c4hnlicher Beitrag","link":""},"img":{"alt_text":"","src":"https:\/\/i0.wp.com\/deltaimage.de\/wp\/wp-content\/uploads\/Banner_Gestaltung_1200.jpg?fit=1200%2C490&ssl=1&resize=350%2C200","width":350,"height":200,"srcset":"https:\/\/i0.wp.com\/deltaimage.de\/wp\/wp-content\/uploads\/Banner_Gestaltung_1200.jpg?fit=1200%2C490&ssl=1&resize=350%2C200 1x, https:\/\/i0.wp.com\/deltaimage.de\/wp\/wp-content\/uploads\/Banner_Gestaltung_1200.jpg?fit=1200%2C490&ssl=1&resize=525%2C300 1.5x, https:\/\/i0.wp.com\/deltaimage.de\/wp\/wp-content\/uploads\/Banner_Gestaltung_1200.jpg?fit=1200%2C490&ssl=1&resize=700%2C400 2x, https:\/\/i0.wp.com\/deltaimage.de\/wp\/wp-content\/uploads\/Banner_Gestaltung_1200.jpg?fit=1200%2C490&ssl=1&resize=1050%2C600 3x"},"classes":[]},{"id":45294,"url":"https:\/\/deltaimage.de\/wp\/?portfolio=begleitbuch-zum-elearning-kurs-fortgeschrittene-fotografie","url_meta":{"origin":38236,"position":3},"title":"Begleitbuch zum eLearning-Kurs \u201eFortgeschrittene Fotografie\u201c","author":"EschbacP","date":"27. September 2024","format":false,"excerpt":"","rel":"","context":"\u00c4hnlicher Beitrag","block_context":{"text":"\u00c4hnlicher Beitrag","link":""},"img":{"alt_text":"","src":"https:\/\/i0.wp.com\/deltaimage.de\/wp\/wp-content\/uploads\/IMG_8223_900.jpg?fit=650%2C890&ssl=1&resize=350%2C200","width":350,"height":200,"srcset":"https:\/\/i0.wp.com\/deltaimage.de\/wp\/wp-content\/uploads\/IMG_8223_900.jpg?fit=650%2C890&ssl=1&resize=350%2C200 1x, https:\/\/i0.wp.com\/deltaimage.de\/wp\/wp-content\/uploads\/IMG_8223_900.jpg?fit=650%2C890&ssl=1&resize=525%2C300 1.5x"},"classes":[]},{"id":24030,"url":"https:\/\/deltaimage.de\/wp\/?portfolio=aufbaukurs-fuer-fortgeschrittene","url_meta":{"origin":38236,"position":4},"title":"Aufbaukurs f\u00fcr Fortgeschrittene","author":"EschbacP","date":"11. Januar 2020","format":false,"excerpt":"Der Foto-Kurs ist speziell f\u00fcr Fortgeschrittene in der Fotografie, aufbauend auf den Inhalten im Grundkurs bauen wir die fotografischen Themen Schritt f\u00fcr Schritt weiter aus und gewinnen Sicherheit und \u00dcbung in der Fotografie.\u00a0Die Fotografie hat noch so viel mehr an M\u00f6glichkeiten zu bieten und Herausforderungen zu beherrschen, dass die Neugierde\u2026","rel":"","context":"\u00c4hnlicher Beitrag","block_context":{"text":"\u00c4hnlicher Beitrag","link":""},"img":{"alt_text":"","src":"https:\/\/i0.wp.com\/deltaimage.de\/wp\/wp-content\/uploads\/Banner_Aufbau_1200.jpg?fit=1200%2C490&ssl=1&resize=350%2C200","width":350,"height":200,"srcset":"https:\/\/i0.wp.com\/deltaimage.de\/wp\/wp-content\/uploads\/Banner_Aufbau_1200.jpg?fit=1200%2C490&ssl=1&resize=350%2C200 1x, https:\/\/i0.wp.com\/deltaimage.de\/wp\/wp-content\/uploads\/Banner_Aufbau_1200.jpg?fit=1200%2C490&ssl=1&resize=525%2C300 1.5x, https:\/\/i0.wp.com\/deltaimage.de\/wp\/wp-content\/uploads\/Banner_Aufbau_1200.jpg?fit=1200%2C490&ssl=1&resize=700%2C400 2x, https:\/\/i0.wp.com\/deltaimage.de\/wp\/wp-content\/uploads\/Banner_Aufbau_1200.jpg?fit=1200%2C490&ssl=1&resize=1050%2C600 3x"},"classes":[]},{"id":24038,"url":"https:\/\/deltaimage.de\/wp\/?portfolio=eigenes-fotobuch-erstellen","url_meta":{"origin":38236,"position":5},"title":"Fotografie gestalten: Eigenes Fotobuch erstellen","author":"EschbacP","date":"11. Januar 2020","format":false,"excerpt":"Erstellen von Fotob\u00fcchern f\u00fcr Einsteiger und Fortgeschrittene Impressionen und Erlebnisse mit anderen lieben Menschen zu Teilen und das Erlebte in einer schnelllebigen Welt f\u00fcr sich selbst, oder f\u00fcr andere zu erhalten - das sind die starken Motivationen f\u00fcr Fotografinnen und Fotografen weltweit eigene Fotob\u00fccher zu erstellen. In diesem Foto-Kurs zeigen\u2026","rel":"","context":"\u00c4hnlicher Beitrag","block_context":{"text":"\u00c4hnlicher Beitrag","link":""},"img":{"alt_text":"","src":"https:\/\/i0.wp.com\/deltaimage.de\/wp\/wp-content\/uploads\/Banner_Fotobuch_1200.jpg?fit=1200%2C487&ssl=1&resize=350%2C200","width":350,"height":200,"srcset":"https:\/\/i0.wp.com\/deltaimage.de\/wp\/wp-content\/uploads\/Banner_Fotobuch_1200.jpg?fit=1200%2C487&ssl=1&resize=350%2C200 1x, https:\/\/i0.wp.com\/deltaimage.de\/wp\/wp-content\/uploads\/Banner_Fotobuch_1200.jpg?fit=1200%2C487&ssl=1&resize=525%2C300 1.5x, https:\/\/i0.wp.com\/deltaimage.de\/wp\/wp-content\/uploads\/Banner_Fotobuch_1200.jpg?fit=1200%2C487&ssl=1&resize=700%2C400 2x, https:\/\/i0.wp.com\/deltaimage.de\/wp\/wp-content\/uploads\/Banner_Fotobuch_1200.jpg?fit=1200%2C487&ssl=1&resize=1050%2C600 3x"},"classes":[]}],"jetpack_sharing_enabled":true,"_links":{"self":[{"href":"https:\/\/deltaimage.de\/wp\/index.php?rest_route=\/wp\/v2\/jetpack-portfolio\/38236","targetHints":{"allow":["GET"]}}],"collection":[{"href":"https:\/\/deltaimage.de\/wp\/index.php?rest_route=\/wp\/v2\/jetpack-portfolio"}],"about":[{"href":"https:\/\/deltaimage.de\/wp\/index.php?rest_route=\/wp\/v2\/types\/jetpack-portfolio"}],"author":[{"embeddable":true,"href":"https:\/\/deltaimage.de\/wp\/index.php?rest_route=\/wp\/v2\/users\/1"}],"replies":[{"embeddable":true,"href":"https:\/\/deltaimage.de\/wp\/index.php?rest_route=%2Fwp%2Fv2%2Fcomments&post=38236"}],"version-history":[{"count":1,"href":"https:\/\/deltaimage.de\/wp\/index.php?rest_route=\/wp\/v2\/jetpack-portfolio\/38236\/revisions"}],"predecessor-version":[{"id":38238,"href":"https:\/\/deltaimage.de\/wp\/index.php?rest_route=\/wp\/v2\/jetpack-portfolio\/38236\/revisions\/38238"}],"wp:featuredmedia":[{"embeddable":true,"href":"https:\/\/deltaimage.de\/wp\/index.php?rest_route=\/wp\/v2\/media\/38237"}],"wp:attachment":[{"href":"https:\/\/deltaimage.de\/wp\/index.php?rest_route=%2Fwp%2Fv2%2Fmedia&parent=38236"}],"wp:term":[{"taxonomy":"jetpack-portfolio-type","embeddable":true,"href":"https:\/\/deltaimage.de\/wp\/index.php?rest_route=%2Fwp%2Fv2%2Fjetpack-portfolio-type&post=38236"},{"taxonomy":"jetpack-portfolio-tag","embeddable":true,"href":"https:\/\/deltaimage.de\/wp\/index.php?rest_route=%2Fwp%2Fv2%2Fjetpack-portfolio-tag&post=38236"}],"curies":[{"name":"wp","href":"https:\/\/api.w.org\/{rel}","templated":true}]}}

<p>&nbsp;</p>
<p>Die Nachfrage nach Fotokursen ist unverändert hoch &#8211; nur inzwischen nach vielen neuen Kurs-Formaten. DELTA IMAGE folgt diesen Bedürfnissen und bietet die bisherigen Präsenz-Kurse nun als eLearning für eine neue, moderne, digitale Art des Lernens an.</p>
<p>Als Begleitmaterial, für den eLearning Kurs, oder auch das ganz klassische Selbststudium, sind gedruckte Bücher immer noch sehr beliebt.</p>
<p>&nbsp;</p>
<h2>Raus aus der Grünen Vollautomatik</h2>
<p>Wir lernen für die Zielgruppe der Ein- und Aufsteigerinnen, die ersten Schritte um die Grundlagen der Fotografie verstehen und verinnerlichen zu können. Mit dem grundlegenden Verständnis der Technik und der Zusammenhänge für</p>
<ul>
<li>die augenrichtige Belichtung</li>
<li>die fotografische Blende</li>
<li>die fotografische Verschlusszeit</li>
<li>die Lichtempfindlichkeit</li>
</ul>
<p>sind die Lernenden schon viel auf dem Weg zur FotografIn gegangen.</p>
<p>Begleitet werden diese fotografisch &#8211; handwerklichen Themen durch Erörterungen der Fragestellungen</p>
<ul>
<li>Was ist digitale Fotografie heute?</li>
<li>Was macht ein gutes Bild?</li>
<li>Wie belichtet man richtig?</li>
</ul>
<p>&nbsp;</p>
<h2>Zum Buch</h2>
<ul>
<li>Softcover</li>
<li>220 Seiten</li>
<li>241 Bilder, Abbildungen und Diagramme</li>
<li>s/w Druck</li>
<li>Format 21 x 15 cm (DIN A5)</li>
<li>vom Autor des eLearning-Kurses Paul Eschbach</li>
<li>zur Begleitung des eLearning Kurses oder zum Selbststudium</li>
</ul>

<p>&nbsp; Die Nachfrage nach Fotokursen ist unverändert hoch &#8211; nur inzwischen nach vielen neuen Kurs-Formaten. DELTA IMAGE folgt diesen Bedürfnissen und bietet die bisherigen Präsenz-Kurse nun als eLearning für eine [&hellip;]</p>

Fotokurs „Grundlagen der Fotografie“ Die Grundlagen der Fotografie fängt ganz vorne an und ist ganz speziell für alle EinsteigerInnen und AufsteigerInnen von der Fotografie auf Knopfdruck gestaltet. Sie können Ihre digitale Kamera einschalten und Bilder anzeigen. Wunderbar - mehr müssen Sie auch nicht wissen. Die Bedienungsanleitung Ihrer digitalen Kamera ist für Sie keine Hilfe,…

Ähnlicher Beitrag

Grundlagen der Fotografie &#8211; Präsenz-Kurs

Technik ist wichtig, aber nicht alles. Die Fähigkeiten des Fotografen sind noch viel wichtiger als Pixel und Bildfrequenz. Die Fotografie wird bei aller Technik immer noch durch den Fotografen gemacht, indem zum richtigen Zeitpunkt am richtigen Ort der passende Ausschnitt gewählt wird. Was macht ein schönes Foto aus? Es gibt eine Vielzahl…

Aufbaukurs für Fortgeschrittene

Der Foto-Kurs ist speziell für Fortgeschrittene in der Fotografie, aufbauend auf den Inhalten im Grundkurs bauen wir die fotografischen Themen Schritt für Schritt weiter aus und gewinnen Sicherheit und Übung in der Fotografie. Die Fotografie hat noch so viel mehr an Möglichkeiten zu bieten und Herausforderungen zu beherrschen, dass die Neugierde…

Erstellen von Fotobüchern für Einsteiger und Fortgeschrittene Impressionen und Erlebnisse mit anderen lieben Menschen zu Teilen und das Erlebte in einer schnelllebigen Welt für sich selbst, oder für andere zu erhalten - das sind die starken Motivationen für Fotografinnen und Fotografen weltweit eigene Fotobücher zu erstellen. In diesem Foto-Kurs zeigen…
