{"id":47268,"date":"2025-01-04T17:07:32","date_gmt":"2025-01-04T16:07:32","guid":{"rendered":"https:\/\/deltaimage.de\/wp\/?post_type=jetpack-portfolio&#038;p=47268"},"modified":"2025-01-12T15:24:06","modified_gmt":"2025-01-12T14:24:06","slug":"delta-image","status":"publish","type":"jetpack-portfolio","link":"https:\/\/deltaimage.de\/wp\/?portfolio=delta-image","title":{"rendered":"Veranstalter: DELTA IMAGE"},"content":{"rendered":"<p>Paul Eschbach ist geb\u00fcrtiger Dachauer und seit 30 Jahren als Fotograf in Dachau, im Landkreis und im Dachauer Moos fotografisch unterwegs. Die Bilder gehen auch in die B\u00fccher als Buchautor und werden im DELTA IMAGE-Eigenverlag auch produziert und verlegt. Professionelle Fotografie visuell erleben Paul Eschbach DELTA IMAGE eine Marke der DELTA ADVICE GmbH Benediktenwandstra\u00dfe 10 85221 Dachau https:\/\/deltaimage.de https:\/\/shop.deltaimage.de<\/p>\n<p>&nbsp;<\/p>\n<h3>Kontaktdaten<\/h3>\n<p>&nbsp;<\/p>\n<h3>Standort<\/h3>\n<div class=\"su-gmap su-u-responsive-media-yes\"><iframe loading=\"lazy\" width=\"600\" height=\"400\" src=\"\/\/maps.google.com\/maps?q=DELTA%20IMAGE%20Benediktenwandstra%C3%9Fe%2010%2085221%20Dachau&amp;output=embed\" title=\"DELTA IMAGE\"><\/iframe><\/div>\n","protected":false},"excerpt":{"rendered":"<p>Paul Eschbach ist geb\u00fcrtiger Dachauer und seit 30 Jahren als Fotograf in Dachau, im Landkreis und im Dachauer Moos fotografisch unterwegs. Die Bilder gehen auch in die B\u00fccher als Buchautor [&hellip;]<\/p>\n","protected":false},"author":1,"featured_media":24591,"comment_status":"open","ping_status":"closed","template":"","format":"standard","meta":{"wpupg_custom_link":[],"wpupg_custom_link_behaviour":[],"wpupg_custom_link_nofollow":[],"wpupg_custom_image":[],"wpupg_custom_image_id":[],"jetpack_post_was_ever_published":false,"footnotes":""},"jetpack-portfolio-type":[4063],"jetpack-portfolio-tag":[],"class_list":["post-47268","jetpack-portfolio","type-jetpack-portfolio","status-publish","format-standard","has-post-thumbnail","hentry","jetpack-portfolio-type-veranstalter"],"jetpack-related-posts":[{"id":47218,"url":"https:\/\/deltaimage.de\/wp\/?portfolio=dachauer-wasserturm-vernissage-50-jahre-bund-naturschutz-kreisgruppe-dachau-1975-2025","url_meta":{"origin":47268,"position":0},"title":"Vernissage im Wasserturm: 50 Jahre BUND Naturschutz &#8211; Kreisgruppe Dachau mit Fotoausstellung: Paul Eschbach am 21.3.2025","author":"EschbacP","date":"4. Januar 2025","format":false,"excerpt":"Vernissage und Ausstellungser\u00f6ffnung im Dachauer Wasserturm Natur- und Moosschutz im Dachauer Moos 50 Jahre BUND Naturschutz in Bayern e. V. - Kreisgruppe Dachau; Fest- & Fotoausstellung von Paul Eschbach im Dachauer Wasserturm Ort: Dachauer Wasserturm e. V. Schlossstra\u00dfe 7A, 85221 Dachau Datum: Freitag 21. M\u00e4rz 2025 18.00 - 20:00 Uhr\u2026","rel":"","context":"\u00c4hnlicher Beitrag","block_context":{"text":"\u00c4hnlicher Beitrag","link":""},"img":{"alt_text":"","src":"https:\/\/i0.wp.com\/deltaimage.de\/wp\/wp-content\/uploads\/Plakat_Vernissage_V3_1200-450.jpg?fit=1200%2C445&ssl=1&resize=350%2C200","width":350,"height":200,"srcset":"https:\/\/i0.wp.com\/deltaimage.de\/wp\/wp-content\/uploads\/Plakat_Vernissage_V3_1200-450.jpg?fit=1200%2C445&ssl=1&resize=350%2C200 1x, https:\/\/i0.wp.com\/deltaimage.de\/wp\/wp-content\/uploads\/Plakat_Vernissage_V3_1200-450.jpg?fit=1200%2C445&ssl=1&resize=525%2C300 1.5x, https:\/\/i0.wp.com\/deltaimage.de\/wp\/wp-content\/uploads\/Plakat_Vernissage_V3_1200-450.jpg?fit=1200%2C445&ssl=1&resize=700%2C400 2x, https:\/\/i0.wp.com\/deltaimage.de\/wp\/wp-content\/uploads\/Plakat_Vernissage_V3_1200-450.jpg?fit=1200%2C445&ssl=1&resize=1050%2C600 3x"},"classes":[]},{"id":47816,"url":"https:\/\/deltaimage.de\/wp\/?portfolio=buchvorstellung-dr-annegret-braun-hsg-in-der-geschichtswerkstatt-dachau-naturwandel-eine-geschichte-im-dachauer-land-23-3-2025","url_meta":{"origin":47268,"position":1},"title":"Buchvorstellung Dr. Annegret Braun in der Geschichtswerkstatt Dachau: NaturWandel &#8211; Eine Geschichte im Dachauer Land; 23.3.2025","author":"EschbacP","date":"3. Januar 2025","format":false,"excerpt":"Im Rahmen der Fest- und Fotoausstellung: Natur- und Moosschutz im Dachauer Moos -\u00a050 Jahre BN Kreisgruppe Dachau \u00a0 im Dachauer Wasserturm findet im 3. Stock auf der Veranstaltungsb\u00fchne ein Themenvortrag statt. \u00a0 Dr. Annegret Braun: Buchvorstellung \u201eNaturWandel \u2013 eine Geschichte des Dachauer Landes\u201c","rel":"","context":"\u00c4hnlicher Beitrag","block_context":{"text":"\u00c4hnlicher Beitrag","link":""},"img":{"alt_text":"","src":"https:\/\/i0.wp.com\/deltaimage.de\/wp\/wp-content\/uploads\/Plakat_Wasserturm_Braun.jpg?fit=1200%2C451&ssl=1&resize=350%2C200","width":350,"height":200,"srcset":"https:\/\/i0.wp.com\/deltaimage.de\/wp\/wp-content\/uploads\/Plakat_Wasserturm_Braun.jpg?fit=1200%2C451&ssl=1&resize=350%2C200 1x, https:\/\/i0.wp.com\/deltaimage.de\/wp\/wp-content\/uploads\/Plakat_Wasserturm_Braun.jpg?fit=1200%2C451&ssl=1&resize=525%2C300 1.5x, https:\/\/i0.wp.com\/deltaimage.de\/wp\/wp-content\/uploads\/Plakat_Wasserturm_Braun.jpg?fit=1200%2C451&ssl=1&resize=700%2C400 2x, https:\/\/i0.wp.com\/deltaimage.de\/wp\/wp-content\/uploads\/Plakat_Wasserturm_Braun.jpg?fit=1200%2C451&ssl=1&resize=1050%2C600 3x"},"classes":[]},{"id":47212,"url":"https:\/\/deltaimage.de\/wp\/?portfolio=foto-ausstellung-im-wasserturm-natur-und-moorschutz-im-dachauer-moos-paul-eschbach","url_meta":{"origin":47268,"position":2},"title":"Foto-Ausstellung im Dachauer Wasserturm: Dachauer Moos von Paul Eschbach: 21.3.-21.4.2025","author":"EschbacP","date":"4. Januar 2025","format":false,"excerpt":"Die Kreisgruppe Dachau des BUND Naturschutz in Bayern e. V. feiert im Jahr 2025 das 50-j\u00e4hrige Bestehen 1975 - 2025. \"50 Jahre Natur- und Moosschutz im Dachauer Moos\" In diesem Zeitraum von 50 Jahren haben die 150 Gr\u00fcndung-Mitglieder in der Zwischenzeit eine Kreisgruppe mit 12 Ortsgruppen und 5.000 Mitgliedern aufgebaut.\u2026","rel":"","context":"\u00c4hnlicher Beitrag","block_context":{"text":"\u00c4hnlicher Beitrag","link":""},"img":{"alt_text":"","src":"https:\/\/i0.wp.com\/deltaimage.de\/wp\/wp-content\/uploads\/Plakat_Fotoausstellung_V3_1200-450.jpg?fit=1200%2C448&ssl=1&resize=350%2C200","width":350,"height":200,"srcset":"https:\/\/i0.wp.com\/deltaimage.de\/wp\/wp-content\/uploads\/Plakat_Fotoausstellung_V3_1200-450.jpg?fit=1200%2C448&ssl=1&resize=350%2C200 1x, https:\/\/i0.wp.com\/deltaimage.de\/wp\/wp-content\/uploads\/Plakat_Fotoausstellung_V3_1200-450.jpg?fit=1200%2C448&ssl=1&resize=525%2C300 1.5x, https:\/\/i0.wp.com\/deltaimage.de\/wp\/wp-content\/uploads\/Plakat_Fotoausstellung_V3_1200-450.jpg?fit=1200%2C448&ssl=1&resize=700%2C400 2x, https:\/\/i0.wp.com\/deltaimage.de\/wp\/wp-content\/uploads\/Plakat_Fotoausstellung_V3_1200-450.jpg?fit=1200%2C448&ssl=1&resize=1050%2C600 3x"},"classes":[]},{"id":47282,"url":"https:\/\/deltaimage.de\/wp\/?portfolio=dachauer-wasserturm","url_meta":{"origin":47268,"position":3},"title":"Ort: Dachauer Wasserturm","author":"EschbacP","date":"4. Januar 2025","format":false,"excerpt":"Dachau hat auf der h\u00f6chsten Erhebung der Stadt, unmittelbar neben dem Dachauer Schloss und Hofgarten stehend, einen historischen Wasserturm im Architekturstil des \"Historismus\". erbaut. Somit f\u00fcgt er sich sehr gut in die Architekturlandschaft, neben dem wittelsbachischen Schloss und Sommerresidenz, ein. Der Wasserturm diente ab dem Jahr 1911 der Wasserversorgung der\u2026","rel":"","context":"\u00c4hnlicher Beitrag","block_context":{"text":"\u00c4hnlicher Beitrag","link":""},"img":{"alt_text":"","src":"https:\/\/i0.wp.com\/deltaimage.de\/wp\/wp-content\/uploads\/PE1S0075_1200.jpg?fit=1200%2C800&ssl=1&resize=350%2C200","width":350,"height":200,"srcset":"https:\/\/i0.wp.com\/deltaimage.de\/wp\/wp-content\/uploads\/PE1S0075_1200.jpg?fit=1200%2C800&ssl=1&resize=350%2C200 1x, https:\/\/i0.wp.com\/deltaimage.de\/wp\/wp-content\/uploads\/PE1S0075_1200.jpg?fit=1200%2C800&ssl=1&resize=525%2C300 1.5x, https:\/\/i0.wp.com\/deltaimage.de\/wp\/wp-content\/uploads\/PE1S0075_1200.jpg?fit=1200%2C800&ssl=1&resize=700%2C400 2x, https:\/\/i0.wp.com\/deltaimage.de\/wp\/wp-content\/uploads\/PE1S0075_1200.jpg?fit=1200%2C800&ssl=1&resize=1050%2C600 3x"},"classes":[]},{"id":47214,"url":"https:\/\/deltaimage.de\/wp\/?portfolio=dachauer-wasserturm-natur-und-moosschutz-im-dachauer-moos-50-jahre-bund-naturschutz-in-dachau","url_meta":{"origin":47268,"position":4},"title":"Dachauer Wasserturm: Natur- und Moosschutz im Dachauer Moos &#8211; 50 Jahre BUND Naturschutz in Dachau mit Fotoausstellung: Paul Eschbach: 21.3.-21.4.2025","author":"EschbacP","date":"4. Januar 2025","format":false,"excerpt":"Die Kreisgruppe Dachau des BUND Naturschutz in Bayern e. V. feiert im Jahr 2025 das 50-j\u00e4hrige Bestehen 1975 - 2025. \"50 Jahre Natur- und Moosschutz im Dachauer Moos\" In diesem Zeitraum von 50 Jahren haben die 150 Gr\u00fcndung-Mitglieder in der Zwischenzeit eine Kreisgruppe mit 12 Ortsgruppen und 5.000 Mitgliedern aufgebaut.\u2026","rel":"","context":"\u00c4hnlicher Beitrag","block_context":{"text":"\u00c4hnlicher Beitrag","link":""},"img":{"alt_text":"","src":"https:\/\/i0.wp.com\/deltaimage.de\/wp\/wp-content\/uploads\/Plakat_Wasserturm_V3_1200-450.jpg?fit=1200%2C446&ssl=1&resize=350%2C200","width":350,"height":200,"srcset":"https:\/\/i0.wp.com\/deltaimage.de\/wp\/wp-content\/uploads\/Plakat_Wasserturm_V3_1200-450.jpg?fit=1200%2C446&ssl=1&resize=350%2C200 1x, https:\/\/i0.wp.com\/deltaimage.de\/wp\/wp-content\/uploads\/Plakat_Wasserturm_V3_1200-450.jpg?fit=1200%2C446&ssl=1&resize=525%2C300 1.5x, https:\/\/i0.wp.com\/deltaimage.de\/wp\/wp-content\/uploads\/Plakat_Wasserturm_V3_1200-450.jpg?fit=1200%2C446&ssl=1&resize=700%2C400 2x, https:\/\/i0.wp.com\/deltaimage.de\/wp\/wp-content\/uploads\/Plakat_Wasserturm_V3_1200-450.jpg?fit=1200%2C446&ssl=1&resize=1050%2C600 3x"},"classes":[]},{"id":47260,"url":"https:\/\/deltaimage.de\/wp\/?portfolio=dachauer-forum-e-v","url_meta":{"origin":47268,"position":5},"title":"Veranstalter: dachauer forum e.V.","author":"EschbacP","date":"4. Januar 2025","format":false,"excerpt":"dachauer forum - \u00dcber uns (Quelle: www.dachauer-forum.de) Mit 50.000 Teilnehmer*innen und 2.500 Veranstaltungen j\u00e4hrlich ist das Dachauer Forum die katholische Erwachsenen\u00adbildungs\u00adeinrichtung im Landkreis Dachau. Bereits bei der Gr\u00fcndung vor \u00fcber 50 Jahren ging es um den Dialog der Kirche mit der Welt. Heute hei\u00dft es bei uns \u201eHier ist Begegnung\u201c.\u2026","rel":"","context":"\u00c4hnlicher Beitrag","block_context":{"text":"\u00c4hnlicher Beitrag","link":""},"img":{"alt_text":"","src":"https:\/\/i0.wp.com\/deltaimage.de\/wp\/wp-content\/uploads\/Logo_Dachauer-Forum-1200.jpg?fit=1200%2C449&ssl=1&resize=350%2C200","width":350,"height":200,"srcset":"https:\/\/i0.wp.com\/deltaimage.de\/wp\/wp-content\/uploads\/Logo_Dachauer-Forum-1200.jpg?fit=1200%2C449&ssl=1&resize=350%2C200 1x, https:\/\/i0.wp.com\/deltaimage.de\/wp\/wp-content\/uploads\/Logo_Dachauer-Forum-1200.jpg?fit=1200%2C449&ssl=1&resize=525%2C300 1.5x, https:\/\/i0.wp.com\/deltaimage.de\/wp\/wp-content\/uploads\/Logo_Dachauer-Forum-1200.jpg?fit=1200%2C449&ssl=1&resize=700%2C400 2x, https:\/\/i0.wp.com\/deltaimage.de\/wp\/wp-content\/uploads\/Logo_Dachauer-Forum-1200.jpg?fit=1200%2C449&ssl=1&resize=1050%2C600 3x"},"classes":[]}],"jetpack_sharing_enabled":true,"_links":{"self":[{"href":"https:\/\/deltaimage.de\/wp\/index.php?rest_route=\/wp\/v2\/jetpack-portfolio\/47268","targetHints":{"allow":["GET"]}}],"collection":[{"href":"https:\/\/deltaimage.de\/wp\/index.php?rest_route=\/wp\/v2\/jetpack-portfolio"}],"about":[{"href":"https:\/\/deltaimage.de\/wp\/index.php?rest_route=\/wp\/v2\/types\/jetpack-portfolio"}],"author":[{"embeddable":true,"href":"https:\/\/deltaimage.de\/wp\/index.php?rest_route=\/wp\/v2\/users\/1"}],"replies":[{"embeddable":true,"href":"https:\/\/deltaimage.de\/wp\/index.php?rest_route=%2Fwp%2Fv2%2Fcomments&post=47268"}],"version-history":[{"count":2,"href":"https:\/\/deltaimage.de\/wp\/index.php?rest_route=\/wp\/v2\/jetpack-portfolio\/47268\/revisions"}],"predecessor-version":[{"id":47467,"href":"https:\/\/deltaimage.de\/wp\/index.php?rest_route=\/wp\/v2\/jetpack-portfolio\/47268\/revisions\/47467"}],"wp:featuredmedia":[{"embeddable":true,"href":"https:\/\/deltaimage.de\/wp\/index.php?rest_route=\/wp\/v2\/media\/24591"}],"wp:attachment":[{"href":"https:\/\/deltaimage.de\/wp\/index.php?rest_route=%2Fwp%2Fv2%2Fmedia&parent=47268"}],"wp:term":[{"taxonomy":"jetpack-portfolio-type","embeddable":true,"href":"https:\/\/deltaimage.de\/wp\/index.php?rest_route=%2Fwp%2Fv2%2Fjetpack-portfolio-type&post=47268"},{"taxonomy":"jetpack-portfolio-tag","embeddable":true,"href":"https:\/\/deltaimage.de\/wp\/index.php?rest_route=%2Fwp%2Fv2%2Fjetpack-portfolio-tag&post=47268"}],"curies":[{"name":"wp","href":"https:\/\/api.w.org\/{rel}","templated":true}]}}

<p>Paul Eschbach ist gebürtiger Dachauer und seit 30 Jahren als Fotograf in Dachau, im Landkreis und im Dachauer Moos fotografisch unterwegs. Die Bilder gehen auch in die Bücher als Buchautor und werden im DELTA IMAGE-Eigenverlag auch produziert und verlegt. Professionelle Fotografie visuell erleben Paul Eschbach DELTA IMAGE eine Marke der DELTA ADVICE GmbH Benediktenwandstraße 10 85221 Dachau https://deltaimage.de https://shop.deltaimage.de</p>
<p>&nbsp;</p>
<h3>Kontaktdaten</h3>
<p>&nbsp;</p>
<h3>Standort</h3>
<div class="su-gmap su-u-responsive-media-yes"><iframe loading="lazy" width="600" height="400" src="//maps.google.com/maps?q=DELTA%20IMAGE%20Benediktenwandstra%C3%9Fe%2010%2085221%20Dachau&amp;output=embed" title="DELTA IMAGE"></iframe></div>

<p>Paul Eschbach ist gebürtiger Dachauer und seit 30 Jahren als Fotograf in Dachau, im Landkreis und im Dachauer Moos fotografisch unterwegs. Die Bilder gehen auch in die Bücher als Buchautor [&hellip;]</p>

Vernissage und Ausstellungseröffnung im Dachauer Wasserturm Natur- und Moosschutz im Dachauer Moos 50 Jahre BUND Naturschutz in Bayern e. V. - Kreisgruppe Dachau; Fest- & Fotoausstellung von Paul Eschbach im Dachauer Wasserturm Ort: Dachauer Wasserturm e. V. Schlossstraße 7A, 85221 Dachau Datum: Freitag 21. März 2025 18.00 - 20:00 Uhr…

Ähnlicher Beitrag

Im Rahmen der Fest- und Fotoausstellung: Natur- und Moosschutz im Dachauer Moos - 50 Jahre BN Kreisgruppe Dachau   im Dachauer Wasserturm findet im 3. Stock auf der Veranstaltungsbühne ein Themenvortrag statt.   Dr. Annegret Braun: Buchvorstellung „NaturWandel – eine Geschichte des Dachauer Landes“

Die Kreisgruppe Dachau des BUND Naturschutz in Bayern e. V. feiert im Jahr 2025 das 50-jährige Bestehen 1975 - 2025. "50 Jahre Natur- und Moosschutz im Dachauer Moos" In diesem Zeitraum von 50 Jahren haben die 150 Gründung-Mitglieder in der Zwischenzeit eine Kreisgruppe mit 12 Ortsgruppen und 5.000 Mitgliedern aufgebaut.…

Dachau hat auf der höchsten Erhebung der Stadt, unmittelbar neben dem Dachauer Schloss und Hofgarten stehend, einen historischen Wasserturm im Architekturstil des "Historismus". erbaut. Somit fügt er sich sehr gut in die Architekturlandschaft, neben dem wittelsbachischen Schloss und Sommerresidenz, ein. Der Wasserturm diente ab dem Jahr 1911 der Wasserversorgung der…

dachauer forum - Über uns (Quelle: www.dachauer-forum.de) Mit 50.000 Teilnehmer*innen und 2.500 Veranstaltungen jährlich ist das Dachauer Forum die katholische Erwachsenen­bildungs­einrichtung im Landkreis Dachau. Bereits bei der Gründung vor über 50 Jahren ging es um den Dialog der Kirche mit der Welt. Heute heißt es bei uns „Hier ist Begegnung“.…
