{"id":47276,"date":"2025-01-04T17:14:49","date_gmt":"2025-01-04T16:14:49","guid":{"rendered":"https:\/\/deltaimage.de\/wp\/?post_type=jetpack-portfolio&#038;p=47276"},"modified":"2025-01-12T15:22:31","modified_gmt":"2025-01-12T14:22:31","slug":"schloss-affing-bei-aichach","status":"publish","type":"jetpack-portfolio","link":"https:\/\/deltaimage.de\/wp\/?portfolio=schloss-affing-bei-aichach","title":{"rendered":"Ort: Schloss Affing bei Aichach"},"content":{"rendered":"<p>Das Schloss Affing ist ein sehr sch\u00f6n erhaltenes Schloss in der N\u00e4he von Aichach und liegt in einem sehr sch\u00f6nen Schlosspark. Im fr\u00fcheren Gutshof vor dem Schloss \u00f6ffnet der Baron Gravenreuth jedes Jahr den Platz f\u00fcr den Weihnachtsmarkt in Affing.<\/p>\n<h3>Kontaktdaten<\/h3>\n<h3>Standort<\/h3>\n","protected":false},"excerpt":{"rendered":"<p>Das Schloss Affing ist ein sehr sch\u00f6n erhaltenes Schloss in der N\u00e4he von Aichach und liegt in einem sehr sch\u00f6nen Schlosspark. Im fr\u00fcheren Gutshof vor dem Schloss \u00f6ffnet der Baron [&hellip;]<\/p>\n","protected":false},"author":1,"featured_media":47040,"comment_status":"open","ping_status":"closed","template":"","format":"standard","meta":{"wpupg_custom_link":[],"wpupg_custom_link_behaviour":[],"wpupg_custom_link_nofollow":[],"wpupg_custom_image":[],"wpupg_custom_image_id":[],"jetpack_post_was_ever_published":false,"footnotes":""},"jetpack-portfolio-type":[4065],"jetpack-portfolio-tag":[],"class_list":["post-47276","jetpack-portfolio","type-jetpack-portfolio","status-publish","format-standard","has-post-thumbnail","hentry","jetpack-portfolio-type-veranstaltungsort"],"jetpack-related-posts":[{"id":23050,"url":"https:\/\/deltaimage.de\/wp\/?portfolio=mit-napoleon-im-russlandfeldzug-1812-chronik-eines-desasters-alliatera-verlag","url_meta":{"origin":47276,"position":0},"title":"Mit Napoleon im Russlandfeldzug 1812. Chronik eines Desasters &#8211; Alliatera Verlag","author":"EschbacP","date":"16. November 2019","format":false,"excerpt":"DELTA IMAGE ist mit der Reprofotografie aus dem Familienarchiv im Schloss Affing betraut worden Als Unternehmer arbeitet man in den unterschiedlichsten Projekten unserer Kunden mit. Manche Projekte bilden den eigenen Markt mit der Kernkompetenz ab. Andere Projekte m\u00fcssen einfach sein.\u00a0Und dann kommen Projekte die einem aus dem Herzen sprechen. So\u2026","rel":"","context":"\u00c4hnlicher Beitrag","block_context":{"text":"\u00c4hnlicher Beitrag","link":""},"img":{"alt_text":"","src":"https:\/\/i0.wp.com\/deltaimage.de\/wp\/wp-content\/uploads\/Buchtitel-Chronik-eines-Desasters.jpg?fit=475%2C596&ssl=1&resize=350%2C200","width":350,"height":200},"classes":[]},{"id":47262,"url":"https:\/\/deltaimage.de\/wp\/?portfolio=weihnachtsmarkt-affing-e-v","url_meta":{"origin":47276,"position":1},"title":"Veranstalter: Weihnachtsmarkt Affing e .V.","author":"EschbacP","date":"4. Januar 2025","format":false,"excerpt":"Der Weihnachtsmarkt Affing mit seiner urig-rustikalen Ausstrahlung, seiner besonderen Atmosph\u00e4re und den zahlreichen Attraktionen f\u00fcr Jung und Alt findet jedes Jahr am 2. und 3. Adventswochenende statt. Der Markt wird von einem als gemeinn\u00fctzig anerkannten Verein, dem Weihnachtsmarkt im Schlo\u00dfhof Affing e.V., veranstaltet. Die Organisation erfolgt durch eine ehrenamtliche Vorstandschaft.\u2026","rel":"","context":"\u00c4hnlicher Beitrag","block_context":{"text":"\u00c4hnlicher Beitrag","link":""},"img":{"alt_text":"","src":"https:\/\/i0.wp.com\/deltaimage.de\/wp\/wp-content\/uploads\/PE1S0097N.jpg?fit=890%2C593&ssl=1&resize=350%2C200","width":350,"height":200,"srcset":"https:\/\/i0.wp.com\/deltaimage.de\/wp\/wp-content\/uploads\/PE1S0097N.jpg?fit=890%2C593&ssl=1&resize=350%2C200 1x, https:\/\/i0.wp.com\/deltaimage.de\/wp\/wp-content\/uploads\/PE1S0097N.jpg?fit=890%2C593&ssl=1&resize=525%2C300 1.5x, https:\/\/i0.wp.com\/deltaimage.de\/wp\/wp-content\/uploads\/PE1S0097N.jpg?fit=890%2C593&ssl=1&resize=700%2C400 2x"},"classes":[]},{"id":47282,"url":"https:\/\/deltaimage.de\/wp\/?portfolio=dachauer-wasserturm","url_meta":{"origin":47276,"position":2},"title":"Ort: Dachauer Wasserturm","author":"EschbacP","date":"4. Januar 2025","format":false,"excerpt":"Dachau hat auf der h\u00f6chsten Erhebung der Stadt, unmittelbar neben dem Dachauer Schloss und Hofgarten stehend, einen historischen Wasserturm im Architekturstil des \"Historismus\". erbaut. Somit f\u00fcgt er sich sehr gut in die Architekturlandschaft, neben dem wittelsbachischen Schloss und Sommerresidenz, ein. Der Wasserturm diente ab dem Jahr 1911 der Wasserversorgung der\u2026","rel":"","context":"\u00c4hnlicher Beitrag","block_context":{"text":"\u00c4hnlicher Beitrag","link":""},"img":{"alt_text":"","src":"https:\/\/i0.wp.com\/deltaimage.de\/wp\/wp-content\/uploads\/PE1S0075_1200.jpg?fit=1200%2C800&ssl=1&resize=350%2C200","width":350,"height":200,"srcset":"https:\/\/i0.wp.com\/deltaimage.de\/wp\/wp-content\/uploads\/PE1S0075_1200.jpg?fit=1200%2C800&ssl=1&resize=350%2C200 1x, https:\/\/i0.wp.com\/deltaimage.de\/wp\/wp-content\/uploads\/PE1S0075_1200.jpg?fit=1200%2C800&ssl=1&resize=525%2C300 1.5x, https:\/\/i0.wp.com\/deltaimage.de\/wp\/wp-content\/uploads\/PE1S0075_1200.jpg?fit=1200%2C800&ssl=1&resize=700%2C400 2x, https:\/\/i0.wp.com\/deltaimage.de\/wp\/wp-content\/uploads\/PE1S0075_1200.jpg?fit=1200%2C800&ssl=1&resize=1050%2C600 3x"},"classes":[]},{"id":33270,"url":"https:\/\/deltaimage.de\/wp\/?portfolio=paul-eschbach-schleissheim-der-aelteste-flugplatz-in-bayern-teil-1-nord-route-ost-route","url_meta":{"origin":47276,"position":3},"title":"Carl Ernst von Gravenreuth \u2013 Eine Karriere zwischen Napoleon und Montgelas","author":"EschbacP","date":"12. M\u00e4rz 2022","format":false,"excerpt":"Bayern setzte im B\u00fcndnis mit Napoleon 1805 alles auf eine Karte. Das war die Stunde des Diplomaten Carl Ernst von Gravenreuth: Als Sondergesandter Bayerns bei Napoleon vertrat er k\u00fchn und entschlossen die bayerischen Interessen und setzte sie auch durch. Gravenreuth wurde der latent gef\u00e4hrliche Konkurrent Montgelas\u2019, sodass er schlie\u00dflich in\u2026","rel":"","context":"\u00c4hnlicher Beitrag","block_context":{"text":"\u00c4hnlicher Beitrag","link":""},"img":{"alt_text":"","src":"https:\/\/i0.wp.com\/deltaimage.de\/wp\/wp-content\/uploads\/CEGravenreuth-Junkelmann.jpg?resize=350%2C200&ssl=1","width":350,"height":200},"classes":[]},{"id":36835,"url":"https:\/\/deltaimage.de\/wp\/?portfolio=flugwerft-schleissheim-gebundene-ausgabe-110-jahre-luftfahrtgeschichte-30-jahre-deutsches-museum","url_meta":{"origin":47276,"position":4},"title":"FLUGWERFT Schleissheim (gebundene Ausgabe) &#8211; 110 Jahre Luftfahrtgeschichte &#8211; 30 Jahre Deutsches Museum","author":"EschbacP","date":"20. September 2022","format":false,"excerpt":"Das \u00e4lteste Luftfahrtgeb\u00e4ude in Deutschland auf dem \u00e4ltesten Flugplatz in Bayern Die Kommandantur und die \"Neue Werft\" sind die ersten Luftfahrtgeb\u00e4ude am Flugplatz Schlei\u00dfheim, dem \u00e4ltesten Flugplatz in Bayern. Hier steht die Wiege der K\u00f6niglich Bayerischen Fliegertruppe und der Luftfahrt in Bayern generell. Die Kommandantur wurde als Werktst\u00e4ttengeb\u00e4ude mit Wache\u2026","rel":"","context":"\u00c4hnlicher Beitrag","block_context":{"text":"\u00c4hnlicher Beitrag","link":""},"img":{"alt_text":"","src":"https:\/\/i0.wp.com\/deltaimage.de\/wp\/wp-content\/uploads\/Flugwerft-Schleissheim.jpg?fit=822%2C825&ssl=1&resize=350%2C200","width":350,"height":200,"srcset":"https:\/\/i0.wp.com\/deltaimage.de\/wp\/wp-content\/uploads\/Flugwerft-Schleissheim.jpg?fit=822%2C825&ssl=1&resize=350%2C200 1x, https:\/\/i0.wp.com\/deltaimage.de\/wp\/wp-content\/uploads\/Flugwerft-Schleissheim.jpg?fit=822%2C825&ssl=1&resize=525%2C300 1.5x, https:\/\/i0.wp.com\/deltaimage.de\/wp\/wp-content\/uploads\/Flugwerft-Schleissheim.jpg?fit=822%2C825&ssl=1&resize=700%2C400 2x"},"classes":[]},{"id":47218,"url":"https:\/\/deltaimage.de\/wp\/?portfolio=dachauer-wasserturm-vernissage-50-jahre-bund-naturschutz-kreisgruppe-dachau-1975-2025","url_meta":{"origin":47276,"position":5},"title":"Vernissage im Wasserturm: 50 Jahre BUND Naturschutz &#8211; Kreisgruppe Dachau mit Fotoausstellung: Paul Eschbach am 21.3.2025","author":"EschbacP","date":"4. Januar 2025","format":false,"excerpt":"Vernissage und Ausstellungser\u00f6ffnung im Dachauer Wasserturm Natur- und Moosschutz im Dachauer Moos 50 Jahre BUND Naturschutz in Bayern e. V. - Kreisgruppe Dachau; Fest- & Fotoausstellung von Paul Eschbach im Dachauer Wasserturm Ort: Dachauer Wasserturm e. V. Schlossstra\u00dfe 7A, 85221 Dachau Datum: Freitag 21. M\u00e4rz 2025 18.00 - 20:00 Uhr\u2026","rel":"","context":"\u00c4hnlicher Beitrag","block_context":{"text":"\u00c4hnlicher Beitrag","link":""},"img":{"alt_text":"","src":"https:\/\/i0.wp.com\/deltaimage.de\/wp\/wp-content\/uploads\/Plakat_Vernissage_V3_1200-450.jpg?fit=1200%2C445&ssl=1&resize=350%2C200","width":350,"height":200,"srcset":"https:\/\/i0.wp.com\/deltaimage.de\/wp\/wp-content\/uploads\/Plakat_Vernissage_V3_1200-450.jpg?fit=1200%2C445&ssl=1&resize=350%2C200 1x, https:\/\/i0.wp.com\/deltaimage.de\/wp\/wp-content\/uploads\/Plakat_Vernissage_V3_1200-450.jpg?fit=1200%2C445&ssl=1&resize=525%2C300 1.5x, https:\/\/i0.wp.com\/deltaimage.de\/wp\/wp-content\/uploads\/Plakat_Vernissage_V3_1200-450.jpg?fit=1200%2C445&ssl=1&resize=700%2C400 2x, https:\/\/i0.wp.com\/deltaimage.de\/wp\/wp-content\/uploads\/Plakat_Vernissage_V3_1200-450.jpg?fit=1200%2C445&ssl=1&resize=1050%2C600 3x"},"classes":[]}],"jetpack_sharing_enabled":true,"_links":{"self":[{"href":"https:\/\/deltaimage.de\/wp\/index.php?rest_route=\/wp\/v2\/jetpack-portfolio\/47276","targetHints":{"allow":["GET"]}}],"collection":[{"href":"https:\/\/deltaimage.de\/wp\/index.php?rest_route=\/wp\/v2\/jetpack-portfolio"}],"about":[{"href":"https:\/\/deltaimage.de\/wp\/index.php?rest_route=\/wp\/v2\/types\/jetpack-portfolio"}],"author":[{"embeddable":true,"href":"https:\/\/deltaimage.de\/wp\/index.php?rest_route=\/wp\/v2\/users\/1"}],"replies":[{"embeddable":true,"href":"https:\/\/deltaimage.de\/wp\/index.php?rest_route=%2Fwp%2Fv2%2Fcomments&post=47276"}],"version-history":[{"count":2,"href":"https:\/\/deltaimage.de\/wp\/index.php?rest_route=\/wp\/v2\/jetpack-portfolio\/47276\/revisions"}],"predecessor-version":[{"id":47464,"href":"https:\/\/deltaimage.de\/wp\/index.php?rest_route=\/wp\/v2\/jetpack-portfolio\/47276\/revisions\/47464"}],"wp:featuredmedia":[{"embeddable":true,"href":"https:\/\/deltaimage.de\/wp\/index.php?rest_route=\/wp\/v2\/media\/47040"}],"wp:attachment":[{"href":"https:\/\/deltaimage.de\/wp\/index.php?rest_route=%2Fwp%2Fv2%2Fmedia&parent=47276"}],"wp:term":[{"taxonomy":"jetpack-portfolio-type","embeddable":true,"href":"https:\/\/deltaimage.de\/wp\/index.php?rest_route=%2Fwp%2Fv2%2Fjetpack-portfolio-type&post=47276"},{"taxonomy":"jetpack-portfolio-tag","embeddable":true,"href":"https:\/\/deltaimage.de\/wp\/index.php?rest_route=%2Fwp%2Fv2%2Fjetpack-portfolio-tag&post=47276"}],"curies":[{"name":"wp","href":"https:\/\/api.w.org\/{rel}","templated":true}]}}

<p>Das Schloss Affing ist ein sehr schön erhaltenes Schloss in der Nähe von Aichach und liegt in einem sehr schönen Schlosspark. Im früheren Gutshof vor dem Schloss öffnet der Baron Gravenreuth jedes Jahr den Platz für den Weihnachtsmarkt in Affing.</p>
<h3>Kontaktdaten</h3>
<h3>Standort</h3>

<p>Das Schloss Affing ist ein sehr schön erhaltenes Schloss in der Nähe von Aichach und liegt in einem sehr schönen Schlosspark. Im früheren Gutshof vor dem Schloss öffnet der Baron [&hellip;]</p>

DELTA IMAGE ist mit der Reprofotografie aus dem Familienarchiv im Schloss Affing betraut worden Als Unternehmer arbeitet man in den unterschiedlichsten Projekten unserer Kunden mit. Manche Projekte bilden den eigenen Markt mit der Kernkompetenz ab. Andere Projekte müssen einfach sein. Und dann kommen Projekte die einem aus dem Herzen sprechen. So…

Ähnlicher Beitrag

Der Weihnachtsmarkt Affing mit seiner urig-rustikalen Ausstrahlung, seiner besonderen Atmosphäre und den zahlreichen Attraktionen für Jung und Alt findet jedes Jahr am 2. und 3. Adventswochenende statt. Der Markt wird von einem als gemeinnützig anerkannten Verein, dem Weihnachtsmarkt im Schloßhof Affing e.V., veranstaltet. Die Organisation erfolgt durch eine ehrenamtliche Vorstandschaft.…

Dachau hat auf der höchsten Erhebung der Stadt, unmittelbar neben dem Dachauer Schloss und Hofgarten stehend, einen historischen Wasserturm im Architekturstil des "Historismus". erbaut. Somit fügt er sich sehr gut in die Architekturlandschaft, neben dem wittelsbachischen Schloss und Sommerresidenz, ein. Der Wasserturm diente ab dem Jahr 1911 der Wasserversorgung der…

12. März 2022

Bayern setzte im Bündnis mit Napoleon 1805 alles auf eine Karte. Das war die Stunde des Diplomaten Carl Ernst von Gravenreuth: Als Sondergesandter Bayerns bei Napoleon vertrat er kühn und entschlossen die bayerischen Interessen und setzte sie auch durch. Gravenreuth wurde der latent gefährliche Konkurrent Montgelas’, sodass er schließlich in…

Das älteste Luftfahrtgebäude in Deutschland auf dem ältesten Flugplatz in Bayern Die Kommandantur und die "Neue Werft" sind die ersten Luftfahrtgebäude am Flugplatz Schleißheim, dem ältesten Flugplatz in Bayern. Hier steht die Wiege der Königlich Bayerischen Fliegertruppe und der Luftfahrt in Bayern generell. Die Kommandantur wurde als Werktstättengebäude mit Wache…

Vernissage und Ausstellungseröffnung im Dachauer Wasserturm Natur- und Moosschutz im Dachauer Moos 50 Jahre BUND Naturschutz in Bayern e. V. - Kreisgruppe Dachau; Fest- & Fotoausstellung von Paul Eschbach im Dachauer Wasserturm Ort: Dachauer Wasserturm e. V. Schlossstraße 7A, 85221 Dachau Datum: Freitag 21. März 2025 18.00 - 20:00 Uhr…
