{"id":47281,"date":"2025-01-04T19:47:12","date_gmt":"2025-01-04T18:47:12","guid":{"rendered":"https:\/\/deltaimage.de\/wp\/?post_type=jetpack-portfolio&#038;p=47281"},"modified":"2025-01-12T15:22:20","modified_gmt":"2025-01-12T14:22:20","slug":"stadt-dachau-weihnachtsmarkt","status":"publish","type":"jetpack-portfolio","link":"https:\/\/deltaimage.de\/wp\/?portfolio=stadt-dachau-weihnachtsmarkt","title":{"rendered":"Ort: Stadt Dachau Weihnachtsmarkt"},"content":{"rendered":"<p>Gro\u00dfe Kreisstadt Dachau, Rathaus, Rathausplatz 1, 85221 Dachau, www.dachau.de<\/p>\n<p>&nbsp;<\/p>\n<h3>Kontaktdaten<\/h3>\n<p>Gro\u00dfe Kreisstadt Dachau<\/p>\n<p>Rathaus,<\/p>\n<p>Rathausplatz 1<\/p>\n<p>85221 Dachau<\/p>\n<p><a href=\"https:\/\/dachau.de\">www.dachau.de<\/a><\/p>\n<h3><\/h3>\n<h3>Standort<\/h3>\n<div class=\"su-gmap su-u-responsive-media-yes\"><iframe loading=\"lazy\" width=\"600\" height=\"400\" src=\"\/\/maps.google.com\/maps?q=Gro%C3%9Fe%20Kreisstadt%20Dachau%2C%20Rathaus%2C%20Rathausplatz%201%2C%2085221%20Dachau&amp;output=embed\" title=\"Christkindlmarkt Dachau\"><\/iframe><\/div>\n<p>&nbsp;<\/p>\n","protected":false},"excerpt":{"rendered":"<p>Gro\u00dfe Kreisstadt Dachau, Rathaus, Rathausplatz 1, 85221 Dachau, www.dachau.de &nbsp; Kontaktdaten Gro\u00dfe Kreisstadt Dachau Rathaus, Rathausplatz 1 85221 Dachau www.dachau.de Standort &nbsp;<\/p>\n","protected":false},"author":1,"featured_media":16897,"comment_status":"open","ping_status":"closed","template":"","format":"standard","meta":{"wpupg_custom_link":[],"wpupg_custom_link_behaviour":[],"wpupg_custom_link_nofollow":[],"wpupg_custom_image":[],"wpupg_custom_image_id":[],"jetpack_post_was_ever_published":false,"footnotes":""},"jetpack-portfolio-type":[4065],"jetpack-portfolio-tag":[],"class_list":["post-47281","jetpack-portfolio","type-jetpack-portfolio","status-publish","format-standard","has-post-thumbnail","hentry","jetpack-portfolio-type-veranstaltungsort"],"jetpack-related-posts":[{"id":47280,"url":"https:\/\/deltaimage.de\/wp\/?portfolio=stadt-dachau","url_meta":{"origin":47281,"position":0},"title":"Ort: Stadt Dachau","author":"EschbacP","date":"4. Januar 2025","format":false,"excerpt":"\u00a0 Kontaktdaten Gro\u00dfe Kreisstadt Dachau Rathaus, Rathausplatz 1 85221 Dachau www.dachau.de Standort \u00a0","rel":"","context":"\u00c4hnlicher Beitrag","block_context":{"text":"\u00c4hnlicher Beitrag","link":""},"img":{"alt_text":"","src":"https:\/\/i0.wp.com\/deltaimage.de\/wp\/wp-content\/uploads\/PE1S1456_900.jpg?fit=890%2C593&ssl=1&resize=350%2C200","width":350,"height":200,"srcset":"https:\/\/i0.wp.com\/deltaimage.de\/wp\/wp-content\/uploads\/PE1S1456_900.jpg?fit=890%2C593&ssl=1&resize=350%2C200 1x, https:\/\/i0.wp.com\/deltaimage.de\/wp\/wp-content\/uploads\/PE1S1456_900.jpg?fit=890%2C593&ssl=1&resize=525%2C300 1.5x, https:\/\/i0.wp.com\/deltaimage.de\/wp\/wp-content\/uploads\/PE1S1456_900.jpg?fit=890%2C593&ssl=1&resize=700%2C400 2x"},"classes":[]},{"id":47218,"url":"https:\/\/deltaimage.de\/wp\/?portfolio=dachauer-wasserturm-vernissage-50-jahre-bund-naturschutz-kreisgruppe-dachau-1975-2025","url_meta":{"origin":47281,"position":1},"title":"Vernissage im Wasserturm: 50 Jahre BUND Naturschutz &#8211; Kreisgruppe Dachau mit Fotoausstellung: Paul Eschbach am 21.3.2025","author":"EschbacP","date":"4. Januar 2025","format":false,"excerpt":"Vernissage und Ausstellungser\u00f6ffnung im Dachauer Wasserturm Natur- und Moosschutz im Dachauer Moos 50 Jahre BUND Naturschutz in Bayern e. V. - Kreisgruppe Dachau; Fest- & Fotoausstellung von Paul Eschbach im Dachauer Wasserturm Ort: Dachauer Wasserturm e. V. Schlossstra\u00dfe 7A, 85221 Dachau Datum: Freitag 21. M\u00e4rz 2025 18.00 - 20:00 Uhr\u2026","rel":"","context":"\u00c4hnlicher Beitrag","block_context":{"text":"\u00c4hnlicher Beitrag","link":""},"img":{"alt_text":"","src":"https:\/\/i0.wp.com\/deltaimage.de\/wp\/wp-content\/uploads\/Plakat_Vernissage_V3_1200-450.jpg?fit=1200%2C445&ssl=1&resize=350%2C200","width":350,"height":200,"srcset":"https:\/\/i0.wp.com\/deltaimage.de\/wp\/wp-content\/uploads\/Plakat_Vernissage_V3_1200-450.jpg?fit=1200%2C445&ssl=1&resize=350%2C200 1x, https:\/\/i0.wp.com\/deltaimage.de\/wp\/wp-content\/uploads\/Plakat_Vernissage_V3_1200-450.jpg?fit=1200%2C445&ssl=1&resize=525%2C300 1.5x, https:\/\/i0.wp.com\/deltaimage.de\/wp\/wp-content\/uploads\/Plakat_Vernissage_V3_1200-450.jpg?fit=1200%2C445&ssl=1&resize=700%2C400 2x, https:\/\/i0.wp.com\/deltaimage.de\/wp\/wp-content\/uploads\/Plakat_Vernissage_V3_1200-450.jpg?fit=1200%2C445&ssl=1&resize=1050%2C600 3x"},"classes":[]},{"id":47268,"url":"https:\/\/deltaimage.de\/wp\/?portfolio=delta-image","url_meta":{"origin":47281,"position":2},"title":"Veranstalter: DELTA IMAGE","author":"EschbacP","date":"4. Januar 2025","format":false,"excerpt":"Paul Eschbach ist geb\u00fcrtiger Dachauer und seit 30 Jahren als Fotograf in Dachau, im Landkreis und im Dachauer Moos fotografisch unterwegs. Die Bilder gehen auch in die B\u00fccher als Buchautor und werden im DELTA IMAGE-Eigenverlag auch produziert und verlegt. Professionelle Fotografie visuell erleben Paul Eschbach DELTA IMAGE eine Marke der\u2026","rel":"","context":"\u00c4hnlicher Beitrag","block_context":{"text":"\u00c4hnlicher Beitrag","link":""},"img":{"alt_text":"","src":"","width":0,"height":0},"classes":[]},{"id":47282,"url":"https:\/\/deltaimage.de\/wp\/?portfolio=dachauer-wasserturm","url_meta":{"origin":47281,"position":3},"title":"Ort: Dachauer Wasserturm","author":"EschbacP","date":"4. Januar 2025","format":false,"excerpt":"Dachau hat auf der h\u00f6chsten Erhebung der Stadt, unmittelbar neben dem Dachauer Schloss und Hofgarten stehend, einen historischen Wasserturm im Architekturstil des \"Historismus\". erbaut. Somit f\u00fcgt er sich sehr gut in die Architekturlandschaft, neben dem wittelsbachischen Schloss und Sommerresidenz, ein. Der Wasserturm diente ab dem Jahr 1911 der Wasserversorgung der\u2026","rel":"","context":"\u00c4hnlicher Beitrag","block_context":{"text":"\u00c4hnlicher Beitrag","link":""},"img":{"alt_text":"","src":"https:\/\/i0.wp.com\/deltaimage.de\/wp\/wp-content\/uploads\/PE1S0075_1200.jpg?fit=1200%2C800&ssl=1&resize=350%2C200","width":350,"height":200,"srcset":"https:\/\/i0.wp.com\/deltaimage.de\/wp\/wp-content\/uploads\/PE1S0075_1200.jpg?fit=1200%2C800&ssl=1&resize=350%2C200 1x, https:\/\/i0.wp.com\/deltaimage.de\/wp\/wp-content\/uploads\/PE1S0075_1200.jpg?fit=1200%2C800&ssl=1&resize=525%2C300 1.5x, https:\/\/i0.wp.com\/deltaimage.de\/wp\/wp-content\/uploads\/PE1S0075_1200.jpg?fit=1200%2C800&ssl=1&resize=700%2C400 2x, https:\/\/i0.wp.com\/deltaimage.de\/wp\/wp-content\/uploads\/PE1S0075_1200.jpg?fit=1200%2C800&ssl=1&resize=1050%2C600 3x"},"classes":[]},{"id":47255,"url":"https:\/\/deltaimage.de\/wp\/?portfolio=bund-naturschutz-in-bayern-e-v-kreisgruppe-dachau","url_meta":{"origin":47281,"position":4},"title":"Veranstalter: BUND Naturschutz in Bayern e. V. &#8211; Kreisgruppe Dachau","author":"EschbacP","date":"4. Januar 2025","format":false,"excerpt":"Die Kreisgruppe Dachau gibt es seit 1975 und organisiert die Aktivit\u00e4ten im Landkreis Dachau mit der Kreisgruppe und den Ortsgruppen in Altom\u00fcnster-Erdweg, Bergkirchen, Dachau, Haimhausen, Hebertshausen, Karlsfeld, Markt Indersdorf, Odelzhausen \/ Pfaffenhofen \/ Sulzemoos, Petershausen, R\u00f6hrmoos, Schwabhausen, Vierkirchen und Weichs. Der Kreisverband hat \u00fcber 5.000 Mitglieder, die sich durch Ihre\u2026","rel":"","context":"\u00c4hnlicher Beitrag","block_context":{"text":"\u00c4hnlicher Beitrag","link":""},"img":{"alt_text":"","src":"","width":0,"height":0},"classes":[]},{"id":47260,"url":"https:\/\/deltaimage.de\/wp\/?portfolio=dachauer-forum-e-v","url_meta":{"origin":47281,"position":5},"title":"Veranstalter: dachauer forum e.V.","author":"EschbacP","date":"4. Januar 2025","format":false,"excerpt":"dachauer forum - \u00dcber uns (Quelle: www.dachauer-forum.de) Mit 50.000 Teilnehmer*innen und 2.500 Veranstaltungen j\u00e4hrlich ist das Dachauer Forum die katholische Erwachsenen\u00adbildungs\u00adeinrichtung im Landkreis Dachau. Bereits bei der Gr\u00fcndung vor \u00fcber 50 Jahren ging es um den Dialog der Kirche mit der Welt. Heute hei\u00dft es bei uns \u201eHier ist Begegnung\u201c.\u2026","rel":"","context":"\u00c4hnlicher Beitrag","block_context":{"text":"\u00c4hnlicher Beitrag","link":""},"img":{"alt_text":"","src":"https:\/\/i0.wp.com\/deltaimage.de\/wp\/wp-content\/uploads\/Logo_Dachauer-Forum-1200.jpg?fit=1200%2C449&ssl=1&resize=350%2C200","width":350,"height":200,"srcset":"https:\/\/i0.wp.com\/deltaimage.de\/wp\/wp-content\/uploads\/Logo_Dachauer-Forum-1200.jpg?fit=1200%2C449&ssl=1&resize=350%2C200 1x, https:\/\/i0.wp.com\/deltaimage.de\/wp\/wp-content\/uploads\/Logo_Dachauer-Forum-1200.jpg?fit=1200%2C449&ssl=1&resize=525%2C300 1.5x, https:\/\/i0.wp.com\/deltaimage.de\/wp\/wp-content\/uploads\/Logo_Dachauer-Forum-1200.jpg?fit=1200%2C449&ssl=1&resize=700%2C400 2x, https:\/\/i0.wp.com\/deltaimage.de\/wp\/wp-content\/uploads\/Logo_Dachauer-Forum-1200.jpg?fit=1200%2C449&ssl=1&resize=1050%2C600 3x"},"classes":[]}],"jetpack_sharing_enabled":true,"_links":{"self":[{"href":"https:\/\/deltaimage.de\/wp\/index.php?rest_route=\/wp\/v2\/jetpack-portfolio\/47281","targetHints":{"allow":["GET"]}}],"collection":[{"href":"https:\/\/deltaimage.de\/wp\/index.php?rest_route=\/wp\/v2\/jetpack-portfolio"}],"about":[{"href":"https:\/\/deltaimage.de\/wp\/index.php?rest_route=\/wp\/v2\/types\/jetpack-portfolio"}],"author":[{"embeddable":true,"href":"https:\/\/deltaimage.de\/wp\/index.php?rest_route=\/wp\/v2\/users\/1"}],"replies":[{"embeddable":true,"href":"https:\/\/deltaimage.de\/wp\/index.php?rest_route=%2Fwp%2Fv2%2Fcomments&post=47281"}],"version-history":[{"count":2,"href":"https:\/\/deltaimage.de\/wp\/index.php?rest_route=\/wp\/v2\/jetpack-portfolio\/47281\/revisions"}],"predecessor-version":[{"id":47462,"href":"https:\/\/deltaimage.de\/wp\/index.php?rest_route=\/wp\/v2\/jetpack-portfolio\/47281\/revisions\/47462"}],"wp:featuredmedia":[{"embeddable":true,"href":"https:\/\/deltaimage.de\/wp\/index.php?rest_route=\/wp\/v2\/media\/16897"}],"wp:attachment":[{"href":"https:\/\/deltaimage.de\/wp\/index.php?rest_route=%2Fwp%2Fv2%2Fmedia&parent=47281"}],"wp:term":[{"taxonomy":"jetpack-portfolio-type","embeddable":true,"href":"https:\/\/deltaimage.de\/wp\/index.php?rest_route=%2Fwp%2Fv2%2Fjetpack-portfolio-type&post=47281"},{"taxonomy":"jetpack-portfolio-tag","embeddable":true,"href":"https:\/\/deltaimage.de\/wp\/index.php?rest_route=%2Fwp%2Fv2%2Fjetpack-portfolio-tag&post=47281"}],"curies":[{"name":"wp","href":"https:\/\/api.w.org\/{rel}","templated":true}]}}

<p>Große Kreisstadt Dachau, Rathaus, Rathausplatz 1, 85221 Dachau, www.dachau.de</p>
<p>&nbsp;</p>
<h3>Kontaktdaten</h3>
<p>Große Kreisstadt Dachau</p>
<p>Rathaus,</p>
<p>Rathausplatz 1</p>
<p>85221 Dachau</p>
<p><a href="https://dachau.de">www.dachau.de</a></p>
<h3></h3>
<h3>Standort</h3>
<div class="su-gmap su-u-responsive-media-yes"><iframe loading="lazy" width="600" height="400" src="//maps.google.com/maps?q=Gro%C3%9Fe%20Kreisstadt%20Dachau%2C%20Rathaus%2C%20Rathausplatz%201%2C%2085221%20Dachau&amp;output=embed" title="Christkindlmarkt Dachau"></iframe></div>
<p>&nbsp;</p>

<p>Große Kreisstadt Dachau, Rathaus, Rathausplatz 1, 85221 Dachau, www.dachau.de &nbsp; Kontaktdaten Große Kreisstadt Dachau Rathaus, Rathausplatz 1 85221 Dachau www.dachau.de Standort &nbsp;</p>

Kontaktdaten Große Kreisstadt Dachau Rathaus, Rathausplatz 1 85221 Dachau www.dachau.de Standort

Ähnlicher Beitrag

Vernissage und Ausstellungseröffnung im Dachauer Wasserturm Natur- und Moosschutz im Dachauer Moos 50 Jahre BUND Naturschutz in Bayern e. V. - Kreisgruppe Dachau; Fest- & Fotoausstellung von Paul Eschbach im Dachauer Wasserturm Ort: Dachauer Wasserturm e. V. Schlossstraße 7A, 85221 Dachau Datum: Freitag 21. März 2025 18.00 - 20:00 Uhr…

Paul Eschbach ist gebürtiger Dachauer und seit 30 Jahren als Fotograf in Dachau, im Landkreis und im Dachauer Moos fotografisch unterwegs. Die Bilder gehen auch in die Bücher als Buchautor und werden im DELTA IMAGE-Eigenverlag auch produziert und verlegt. Professionelle Fotografie visuell erleben Paul Eschbach DELTA IMAGE eine Marke der…

Dachau hat auf der höchsten Erhebung der Stadt, unmittelbar neben dem Dachauer Schloss und Hofgarten stehend, einen historischen Wasserturm im Architekturstil des "Historismus". erbaut. Somit fügt er sich sehr gut in die Architekturlandschaft, neben dem wittelsbachischen Schloss und Sommerresidenz, ein. Der Wasserturm diente ab dem Jahr 1911 der Wasserversorgung der…

Die Kreisgruppe Dachau gibt es seit 1975 und organisiert die Aktivitäten im Landkreis Dachau mit der Kreisgruppe und den Ortsgruppen in Altomünster-Erdweg, Bergkirchen, Dachau, Haimhausen, Hebertshausen, Karlsfeld, Markt Indersdorf, Odelzhausen / Pfaffenhofen / Sulzemoos, Petershausen, Röhrmoos, Schwabhausen, Vierkirchen und Weichs. Der Kreisverband hat über 5.000 Mitglieder, die sich durch Ihre…

dachauer forum - Über uns (Quelle: www.dachauer-forum.de) Mit 50.000 Teilnehmer*innen und 2.500 Veranstaltungen jährlich ist das Dachauer Forum die katholische Erwachsenen­bildungs­einrichtung im Landkreis Dachau. Bereits bei der Gründung vor über 50 Jahren ging es um den Dialog der Kirche mit der Welt. Heute heißt es bei uns „Hier ist Begegnung“.…
